{"id":105,"date":"2015-01-23T18:14:41","date_gmt":"2015-01-23T16:14:41","guid":{"rendered":"http:\/\/u66694.www2.webdomain.fi\/?page_id=105"},"modified":"2026-02-23T15:24:54","modified_gmt":"2026-02-23T12:24:54","slug":"jasen-tatsit","status":"publish","type":"page","link":"https:\/\/keskisuomenfysioterapeutit.fi\/?page_id=105","title":{"rendered":"J\u00e4sen-Tatsit"},"content":{"rendered":"<p>Keski-Suomen fysioterapeuttien j\u00e4senlehti, J\u00e4sen-Tatsi, ilmestyy kaikille j\u00e4senillemme sek\u00e4 yhteisty\u00f6tahoillemme s\u00e4hk\u00f6isen\u00e4 jakeluna kaksi kertaa vuodessa. Tatsin kokoamisesta vastaa yhdistyksemme tiedotusvastaava. Voit olla vaikuttamassa lehden sis\u00e4lt\u00f6\u00f6n ehdottamalla aiheita, mainostamalla tapahtumaa tai kirjoittamalla asiantuntija-artikkelin.<\/p>\n<p>Tervetuloa lukemaan alamme alueellisia ja valtakunnallisia kuulumisia sek\u00e4 kurkistamaan, millaista toimintaa paikallisyhdistyksemme j\u00e4rjest\u00e4\u00e4!<\/p>\n<p><a href=\"https:\/\/keskisuomenfysioterapeutit.fi\/wp-content\/uploads\/2026\/02\/Jasen-Tatsi-126.pdf\">J\u00e4senTatsi1\/2026<\/a><\/p>\n<p><a href=\"https:\/\/keskisuomenfysioterapeutit.fi\/wp-content\/uploads\/2025\/08\/Jasen-Tatsi-225-1.pdf\">J\u00e4senTatsi2\/2025<\/a><\/p>\n<p><a href=\"https:\/\/keskisuomenfysioterapeutit.fi\/wp-content\/uploads\/2025\/01\/Jasen-Tatsi-125.pdf\">J\u00e4senTatsi1\/2025<\/a><\/p>\n<p><a href=\"https:\/\/keskisuomenfysioterapeutit.fi\/wp-content\/uploads\/2024\/09\/JASEN-TATSI224.pdf\">J\u00e4senTatsi2\/2024<\/a><\/p>\n<p><a href=\"https:\/\/keskisuomenfysioterapeutit.fi\/wp-content\/uploads\/2024\/01\/JASEN-TATSI124-1.pdf\">J\u00e4senTatsi1\/2024<\/a><\/p>\n<p><a href=\"https:\/\/keskisuomenfysioterapeutit.fi\/wp-content\/uploads\/2023\/08\/JA\u0308SEN-TATSI223-1.pdf\">J\u00e4senTatsi2\/2023<\/a><\/p>\n<p><a href=\"https:\/\/keskisuomenfysioterapeutit.fi\/wp-content\/uploads\/2023\/01\/JA\u0308SEN-TATSI123-1.pdf\">J\u00e4senTatsi1\/2023<\/a><\/p>\n<p><a href=\"https:\/\/keskisuomenfysioterapeutit.fi\/wp-content\/uploads\/2022\/08\/JA\u0308SEN-TATSI222-2.pdf\">J\u00e4senTatsi2\/2022<\/a><\/p>\n<p><a href=\"https:\/\/keskisuomenfysioterapeutit.fi\/wp-content\/uploads\/2022\/03\/JasenTatsi12022-3.pdf\">J\u00e4senTatsi12022<\/a><\/p>\n<p><a href=\"http:\/\/u66694.www2.webdomain.fi\/wp-content\/uploads\/2021\/10\/J\u00e4senTatsi2.2021.pdf\">J\u00e4senTatsi22021<\/a><\/p>\n<p><a href=\"http:\/\/u66694.www2.webdomain.fi\/wp-content\/uploads\/2021\/02\/J\u00e4senTatsi12021.pdf\">J\u00e4senTatsi12021<\/a><\/p>\n<p><a href=\"http:\/\/u66694.www2.webdomain.fi\/wp-content\/uploads\/2020\/08\/J\u00e4senTatsi2_2020.pdf\">J\u00e4sen Tatsi2-2020<\/a><\/p>\n<p><a href=\"http:\/\/u66694.www2.webdomain.fi\/wp-content\/uploads\/2020\/01\/J\u00e4senTatsi1-2020.pdf\">J\u00e4senTatsi1-2020<\/a><\/p>\n<p><a href=\"http:\/\/u66694.www2.webdomain.fi\/wp-content\/uploads\/2019\/09\/J\u00e4senTatsi2-2019.pdf\" target=\"_blank\" rel=\"noopener noreferrer\">J\u00e4sen-Tatsi 02\/2019<\/a><\/p>\n<p><a href=\"http:\/\/u66694.www2.webdomain.fi\/wp-content\/uploads\/2019\/01\/TATSI2019.pdf\" target=\"_blank\" rel=\"noopener noreferrer\">J\u00e4senTatsi 01\/2019<\/a><\/p>\n<p><a href=\"http:\/\/u66694.www2.webdomain.fi\/wp-content\/uploads\/2018\/08\/J\u00e4senTatsi-22018.pdf\">J\u00e4senTatsi-22018<\/a><\/p>\n<p><a href=\"http:\/\/u66694.www2.webdomain.fi\/wp-content\/uploads\/2015\/01\/JulkaisuTatsi12018.pdf\">J\u00e4sen-Tatsi 01\/2018<\/a><\/p>\n<p><a href=\"http:\/\/u66694.www2.webdomain.fi\/wp-content\/uploads\/2015\/01\/Tatsi-22017-PDF.pdf\">Tatsi 22017\u00a0<\/a><\/p>\n<p><a href=\"http:\/\/u66694.www2.webdomain.fi\/wp-content\/uploads\/2015\/01\/JulkaisuTatsi-12017.pdf\">J\u00e4sen-Tatsi 12017<\/a><\/p>\n<p><a href=\"http:\/\/u66694.www2.webdomain.fi\/wp-content\/uploads\/2015\/01\/Tatsi-22016-1.pdf\">Tatsi 22016<\/a><\/p>\n<p><a href=\"http:\/\/u66694.www2.webdomain.fi\/wp-content\/uploads\/2015\/01\/JulkaisuTatsi12016.doc\">J\u00e4sen-Tatsi12016<\/a><\/p>\n","protected":false},"excerpt":{"rendered":"<p>Keski-Suomen fysioterapeuttien j\u00e4senlehti, J\u00e4sen-Tatsi, ilmestyy kaikille j\u00e4senillemme sek\u00e4 yhteisty\u00f6tahoillemme s\u00e4hk\u00f6isen\u00e4 jakeluna kaksi kertaa vuodessa. Tatsin kokoamisesta vastaa yhdistyksemme tiedotusvastaava. Voit olla vaikuttamassa lehden sis\u00e4lt\u00f6\u00f6n ehdottamalla aiheita, mainostamalla tapahtumaa tai kirjoittamalla asiantuntija-artikkelin. Tervetuloa lukemaan alamme alueellisia ja valtakunnallisia kuulumisia sek\u00e4 kurkistamaan, millaista toimintaa paikallisyhdistyksemme j\u00e4rjest\u00e4\u00e4! J\u00e4senTatsi1\/2026 J\u00e4senTatsi2\/2025 J\u00e4senTatsi1\/2025 J\u00e4senTatsi2\/2024 J\u00e4senTatsi1\/2024 J\u00e4senTatsi2\/2023 J\u00e4senTatsi1\/2023 J\u00e4senTatsi2\/2022 J\u00e4senTatsi12022 J\u00e4senTatsi22021 J\u00e4senTatsi12021&hellip;<\/p>\n","protected":false},"author":1,"featured_media":0,"parent":0,"menu_order":0,"comment_status":"open","ping_status":"open","template":"","meta":{"footnotes":""},"class_list":["post-105","page","type-page","status-publish","hentry"],"_links":{"self":[{"href":"https:\/\/keskisuomenfysioterapeutit.fi\/index.php?rest_route=\/wp\/v2\/pages\/105","targetHints":{"allow":["GET"]}}],"collection":[{"href":"https:\/\/keskisuomenfysioterapeutit.fi\/index.php?rest_route=\/wp\/v2\/pages"}],"about":[{"href":"https:\/\/keskisuomenfysioterapeutit.fi\/index.php?rest_route=\/wp\/v2\/types\/page"}],"author":[{"embeddable":true,"href":"https:\/\/keskisuomenfysioterapeutit.fi\/index.php?rest_route=\/wp\/v2\/users\/1"}],"replies":[{"embeddable":true,"href":"https:\/\/keskisuomenfysioterapeutit.fi\/index.php?rest_route=%2Fwp%2Fv2%2Fcomments&post=105"}],"version-history":[{"count":46,"href":"https:\/\/keskisuomenfysioterapeutit.fi\/index.php?rest_route=\/wp\/v2\/pages\/105\/revisions"}],"predecessor-version":[{"id":756,"href":"https:\/\/keskisuomenfysioterapeutit.fi\/index.php?rest_route=\/wp\/v2\/pages\/105\/revisions\/756"}],"wp:attachment":[{"href":"https:\/\/keskisuomenfysioterapeutit.fi\/index.php?rest_route=%2Fwp%2Fv2%2Fmedia&parent=105"}],"curies":[{"name":"wp","href":"https:\/\/api.w.org\/{rel}","templated":true}]}}