{"id":56,"date":"2015-01-13T18:21:48","date_gmt":"2015-01-13T16:21:48","guid":{"rendered":"http:\/\/u66694.www2.webdomain.fi\/?page_id=56"},"modified":"2025-10-30T20:57:57","modified_gmt":"2025-10-30T17:57:57","slug":"opiskelijoille","status":"publish","type":"page","link":"https:\/\/keskisuomenfysioterapeutit.fi\/?page_id=56","title":{"rendered":"Opiskelijoille"},"content":{"rendered":"<p>Yhdistyksen\u00e4 haluamme toimia my\u00f6s perusopiskelijoiden hyv\u00e4ksi ja auttaa heid\u00e4n ammatti-identiteetttins\u00e4 rakentumisessa. J\u00e4rjest\u00e4mme mm. s\u00e4\u00e4nn\u00f6llisesti pelk\u00e4st\u00e4\u00e4n opiskelijaj\u00e4senillemme suunnattuja koulutuksia heid\u00e4n omien toiveidensa mukaisesti. Haluaisitko esimerkiksi syvent\u00e4\u00e4 osaamistasi kliinisest\u00e4 p\u00e4\u00e4ttelyst\u00e4, kerrata olkanivelen ympr\u00f6ivien kudosten vaikutusta yl\u00e4raajan toimintaan tai harjoitella\u00a0 neuroterapeuttisen menetelm\u00e4n periaatteita? Kaikki ehdotukset ovat tervetulleita, sill\u00e4 toivomme, ett\u00e4 voimme tukea opiskelijaj\u00e4sentemme ammattiosaamisen ja fysioterapiataitojen kehittymist\u00e4.<\/p>\n<p>Kehit\u00e4mme opiskelijatoimintaamme jatkuvasti omien opiskelijavastaaviemme avulla.<\/p>\n<p><strong>Ota meihin rohkeasti yhteytt\u00e4!<\/strong><\/p>\n<p>Yhdistyksen opiskelijayhdyshenkil\u00f6n\u00e4 Jyv\u00e4skyl\u00e4n Ammattikorkeakoulussa toimii S<span class=\"OYPEnA text-decoration-none text-strikethrough-none\">anna Paasu-Hynynen, <\/span><span class=\"OYPEnA text-decoration-none text-strikethrough-none\">sanna.paasu(at)gmail.com<\/span><\/p>\n<p>Lis\u00e4ksi JAMK:n fysioterapiaopiskelija:<\/p>\n<p>Sini Virtanen<\/p>\n<p>______________________________________________________________________________________________________<\/p>\n<p><span style=\"color: #800080;\">OPISKELIJAKOULUTUKSET VUONNA 2025<\/span><\/p>\n<p>Pyrimme j\u00e4rjest\u00e4m\u00e4\u00e4n opiskelijoille avoimia koulutuksia kaksi kertaa vuodessa.<\/p>\n<p>Vuoden 2025 osalta koulutuskalenteri on parhaillaan ty\u00f6n alla! Seuraile ilmoittelua syksyn J\u00e4sen-Tatsista ja yhdistyksen Facebook- ja Instagram-sivuilla.<\/p>\n<p><span style=\"color: #800080;\">TERVETULOA MUKAAN OPPIMAAN JA OSAAMAAN!<\/span><\/p>\n","protected":false},"excerpt":{"rendered":"<p>Yhdistyksen\u00e4 haluamme toimia my\u00f6s perusopiskelijoiden hyv\u00e4ksi ja auttaa heid\u00e4n ammatti-identiteetttins\u00e4 rakentumisessa. J\u00e4rjest\u00e4mme mm. s\u00e4\u00e4nn\u00f6llisesti pelk\u00e4st\u00e4\u00e4n opiskelijaj\u00e4senillemme suunnattuja koulutuksia heid\u00e4n omien toiveidensa mukaisesti. Haluaisitko esimerkiksi syvent\u00e4\u00e4 osaamistasi kliinisest\u00e4 p\u00e4\u00e4ttelyst\u00e4, kerrata olkanivelen ympr\u00f6ivien kudosten vaikutusta yl\u00e4raajan toimintaan tai harjoitella\u00a0 neuroterapeuttisen menetelm\u00e4n periaatteita? Kaikki ehdotukset ovat tervetulleita, sill\u00e4 toivomme, ett\u00e4 voimme tukea opiskelijaj\u00e4sentemme ammattiosaamisen ja fysioterapiataitojen kehittymist\u00e4. Kehit\u00e4mme&hellip;<\/p>\n","protected":false},"author":1,"featured_media":0,"parent":0,"menu_order":0,"comment_status":"open","ping_status":"open","template":"","meta":{"footnotes":""},"class_list":["post-56","page","type-page","status-publish","hentry"],"_links":{"self":[{"href":"https:\/\/keskisuomenfysioterapeutit.fi\/index.php?rest_route=\/wp\/v2\/pages\/56","targetHints":{"allow":["GET"]}}],"collection":[{"href":"https:\/\/keskisuomenfysioterapeutit.fi\/index.php?rest_route=\/wp\/v2\/pages"}],"about":[{"href":"https:\/\/keskisuomenfysioterapeutit.fi\/index.php?rest_route=\/wp\/v2\/types\/page"}],"author":[{"embeddable":true,"href":"https:\/\/keskisuomenfysioterapeutit.fi\/index.php?rest_route=\/wp\/v2\/users\/1"}],"replies":[{"embeddable":true,"href":"https:\/\/keskisuomenfysioterapeutit.fi\/index.php?rest_route=%2Fwp%2Fv2%2Fcomments&post=56"}],"version-history":[{"count":23,"href":"https:\/\/keskisuomenfysioterapeutit.fi\/index.php?rest_route=\/wp\/v2\/pages\/56\/revisions"}],"predecessor-version":[{"id":753,"href":"https:\/\/keskisuomenfysioterapeutit.fi\/index.php?rest_route=\/wp\/v2\/pages\/56\/revisions\/753"}],"wp:attachment":[{"href":"https:\/\/keskisuomenfysioterapeutit.fi\/index.php?rest_route=%2Fwp%2Fv2%2Fmedia&parent=56"}],"curies":[{"name":"wp","href":"https:\/\/api.w.org\/{rel}","templated":true}]}}