{"id":77,"date":"2015-01-15T21:25:54","date_gmt":"2015-01-15T19:25:54","guid":{"rendered":"http:\/\/u66694.www2.webdomain.fi\/?page_id=77"},"modified":"2024-03-25T12:11:25","modified_gmt":"2024-03-25T09:11:25","slug":"kysymyksia-ja-vastauksia","status":"publish","type":"page","link":"https:\/\/keskisuomenfysioterapeutit.fi\/?page_id=77","title":{"rendered":"Kysymyksi\u00e4 ja vastauksia"},"content":{"rendered":"<h3>Haluaisin kuulu Keski-Suomen fysioterapeutteihin, mutta en kuulu Suomen fysioterapeutteihin? Onko t\u00e4llainen mahdollista?<\/h3>\n<p>&#8211; Yhdistyksell\u00e4mme ei ole pelkki\u00e4 kannattajaj\u00e4seni\u00e4, jonka vuoksi kaikkien j\u00e4seniemme tulee kuulua my\u00f6s Suomen Fysioterapeutteihin ja liitty\u00e4 meihin yhteis\u00f6j\u00e4senen\u00e4. Mik\u00e4li kuuluu jonkun muun yhteis\u00f6j\u00e4senyhdistyksen kautta liittoon, tai on suora henkil\u00f6j\u00e4sen, voi kuulua meid\u00e4n yhdistykseemme rinnakkaisj\u00e4senen\u00e4.<\/p>\n<h3>Olen Suomen fysioterapeuttien j\u00e4sen, kuinka voin liitty\u00e4 paikallisyhdistykseen?<\/h3>\n<p>&#8211; Liittyess\u00e4si Suomen fysioterapeutteihin valitse &#8221;j\u00e4senyyden muodostuminen&#8221; kohdasta &#8221;haluan liitty\u00e4 j\u00e4seneksi yhteis\u00f6j\u00e4senen kautta&#8221; . Yhteis\u00f6j\u00e4senyys tarkoittaa sit\u00e4, ett\u00e4 kuulut liittoon jonkin paikallisyhdistyksen kautta. Jos olet jo ehtiynyt liitty\u00e4 liittoon henkil\u00f6j\u00e4senen\u00e4 niin ilmoita liittoon haluamasi muutos. J\u00e4senyytemme vuosihinta on 15\u20ac. Yhdistyksen j\u00e4senmaksusta ovat vapautettuja maksun er\u00e4p\u00e4iv\u00e4n\u00e4 peruskoulutuksessa olevat opiskelijat sek\u00e4 kunniaj\u00e4senet. Jos kuulut johonkin toiseen yhteis\u00f6j\u00e4senyhdistykseen voit liitty\u00e4 j\u00e4seneksemme my\u00f6s rinnakkaisj\u00e4senen\u00e4.<\/p>\n<h3>Koulutuksen ilmoittautumisen kohdassa lukee &#8221;Varaaminen on suljettu t\u00e4lle tapahtumalle&#8221; enk\u00e4 voi ilmoittautua?<\/h3>\n<p>&#8211; Jokaiseen koulutukseen on olemassa oma ilmoittautumisaika, joka selvi\u00e4\u00e4 koulutusmainoksesta. Ilmoittautuminen k\u00e4ynnistyy ensimm\u00e4isen ilmoittautumisp\u00e4iv\u00e4n aamuna klo 07:00. Siihen saakka ilmoituksessa lukee kyseinen teksti.<\/p>\n","protected":false},"excerpt":{"rendered":"<p>Haluaisin kuulu Keski-Suomen fysioterapeutteihin, mutta en kuulu Suomen fysioterapeutteihin? Onko t\u00e4llainen mahdollista? &#8211; Yhdistyksell\u00e4mme ei ole pelkki\u00e4 kannattajaj\u00e4seni\u00e4, jonka vuoksi kaikkien j\u00e4seniemme tulee kuulua my\u00f6s Suomen Fysioterapeutteihin ja liitty\u00e4 meihin yhteis\u00f6j\u00e4senen\u00e4. Mik\u00e4li kuuluu jonkun muun yhteis\u00f6j\u00e4senyhdistyksen kautta liittoon, tai on suora henkil\u00f6j\u00e4sen, voi kuulua meid\u00e4n yhdistykseemme rinnakkaisj\u00e4senen\u00e4. Olen Suomen fysioterapeuttien j\u00e4sen, kuinka voin liitty\u00e4 paikallisyhdistykseen?&hellip;<\/p>\n","protected":false},"author":1,"featured_media":0,"parent":0,"menu_order":0,"comment_status":"open","ping_status":"open","template":"","meta":{"footnotes":""},"class_list":["post-77","page","type-page","status-publish","hentry"],"_links":{"self":[{"href":"https:\/\/keskisuomenfysioterapeutit.fi\/index.php?rest_route=\/wp\/v2\/pages\/77","targetHints":{"allow":["GET"]}}],"collection":[{"href":"https:\/\/keskisuomenfysioterapeutit.fi\/index.php?rest_route=\/wp\/v2\/pages"}],"about":[{"href":"https:\/\/keskisuomenfysioterapeutit.fi\/index.php?rest_route=\/wp\/v2\/types\/page"}],"author":[{"embeddable":true,"href":"https:\/\/keskisuomenfysioterapeutit.fi\/index.php?rest_route=\/wp\/v2\/users\/1"}],"replies":[{"embeddable":true,"href":"https:\/\/keskisuomenfysioterapeutit.fi\/index.php?rest_route=%2Fwp%2Fv2%2Fcomments&post=77"}],"version-history":[{"count":13,"href":"https:\/\/keskisuomenfysioterapeutit.fi\/index.php?rest_route=\/wp\/v2\/pages\/77\/revisions"}],"predecessor-version":[{"id":727,"href":"https:\/\/keskisuomenfysioterapeutit.fi\/index.php?rest_route=\/wp\/v2\/pages\/77\/revisions\/727"}],"wp:attachment":[{"href":"https:\/\/keskisuomenfysioterapeutit.fi\/index.php?rest_route=%2Fwp%2Fv2%2Fmedia&parent=77"}],"curies":[{"name":"wp","href":"https:\/\/api.w.org\/{rel}","templated":true}]}}